mmon divisor of n and 2.
2
Let t(n) = -7*n + 6. Let i be t(-5). Suppose -7*x + 211 = 2*z, -169 = -2*z - 5*x + 52. Calculate the greatest common divisor of z and i.
41
Let m(y) = -y**3 + 3*y**2 - 40*y - 297. Let j be m(-6). Calculate the highest common divisor of j and 5963.
89
Let x(b) = -94*b**3 + 6*b**2 - 16*b - 21. Let p be x(-1). What is the highest common divisor of 195 and p?
5
Let r(j) = -j**3 + 5*j**2 + 11*j - 9. Let c be r(8). Let g = c - -115. Calculate the greatest common factor of g and 17.
1
Let i be (-56)/(-14) + ((-19450)/(-35) - (-4)/14). What is the greatest common divisor of i and 160?
80
Let k(r) = r**2 - 4*r - 83. Let l be k(-8). Suppose 32*o = l*o + 76. Let t = -8 - -11. Calculate the highest common divisor of o and t.
1
Suppose 3*x - 1766 = 2*a, x + 74 = -a + 671. What is the greatest common divisor of 703 and x?
37
Let h(a) = -a**3 - 4*a**2 - 15*a + 7. Let i be h(-8). Let u = i - 361. Calculate the greatest common factor of 341 and u.
11
Let c be ((-12)/42)/((48/126)/(-8)). Suppose -22*o + 384 = -c*o. What is the highest common factor of 408 and o?
24
Let p be 5 + -1544*9/(-72). Calculate the greatest common factor of 27 and p.
9
Let j = 227 + -226. Let o be (-203)/(-4) + j/4*5. Calculate the highest common factor of 468 and o.
52
Let m(o) = o**3 - 30*o**2 - 5*o + 192. Let a be m(30). What is the greatest common factor of 1155 and a?
21
Let a(s) = s**2 + 8*s - 51. Let n = -48 - -35. Let l be a(n). Let k = 36 + -15. Calculate the greatest common factor of l and k.
7
Suppose 3*w - 4*q = -2, -2*q - 20 = 10*w - 8*w. Let a be -52*(65/(-10) - w). What is the greatest common factor of a and 78?
26
Suppose 0 = t - 7, 2*r + 228 = -4*t + 756. What is the highest common divisor of r and 1310?
10
Let c = -230 - -384. Let d = c - 114. Calculate the greatest common factor of d and 10.
10
Suppose -5*i - 5 = 0, 11 + 8 = 5*h + i. Suppose -l + 37 = -h*d, 169 = 5*l - 0*d - 4*d. Calculate the highest common factor of 231 and l.
33
Suppose 3*i = -0*i + 18. Let c be 18 + -7 - (-63)/(-9). Suppose -c*x - 2*q + 220 = 0, -2*x + 2*q + 40 + 64 = 0. Calculate the highest common factor of x and i.
6
Let s(q) = -5*q - 32. Let v be -6 + (-105)/(-14) + (-58)/4. Let w be s(v). Calculate the greatest common factor of w and 495.
33
Let s(z) = 13*z**2 - 65*z + 126. Let v be s(2). Let p be (-7)/((-21)/72)*1. Calculate the greatest common factor of p and v.
24
Let c = -3385 - -3442. What is the greatest common divisor of c and 418?
19
Let z = 139 + -136. Let m(q) = 6*q**2 - 3*q + 9. Let s be m(4). Calculate the greatest common factor of z and s.
3
Let f(p) = -6*p**3 - 12 - 3*p**3 - 2*p**2 + 6*p + 14*p**3. Let o be f(2). Calculate the greatest common factor of 224 and o.
32
Suppose -79*q = -42*q - 4679 - 649. Calculate the highest common divisor of 6696 and q.
72
Suppose 0 = 4*l - 5*l + 2. Suppose -47 = -l*y + 23. Let s = y + -2. Calculate the highest common factor of 22 and s.
11
Let z be ((-1207)/2)/(564/(-40) + 14). What is the greatest common factor of 17 and z?
17
Suppose 122 = 7*w - 449 + 81. Calculate the greatest common factor of 7210 and w.
70
Let t(i) = -i**3 - 37*i**2 - 342*i + 50. Let m be t(-20). Calculate the highest common factor of m and 4335.
15
Suppose 5*g - 1966 = -3*r - 434, 0 = -4*r + 16. What is the highest common factor of 76 and g?
76
Let m = -1 - -55. Suppose -n + 730 = 3*l, 108*n - 104*n - 490 = -2*l. What is the highest common factor of l and m?
27
Let d(h) = -h**3 - 2*h**2 + 317*h + 22. Let n be d(-19). Let m(a) = 3*a**3 + 2*a**2 + 2*a - 4. Let b be m(2). Calculate the greatest common divisor of n and b.
8
Let s(l) = -l + 9. Suppose 5*p + 0*p + 37 = d, 4*d = 8. Let n be s(p). Let o be (n/(-4))/(2/(-13)). Calculate the greatest common factor of 78 and o.
26
Suppose -3118 = 89*n - 101463. Calculate the highest common factor of 130 and n.
65
Let h = -32409 + 32667. What is the greatest common factor of 10922 and h?
86
Suppose 5197 = 2*u - 2307. Suppose -u = -7*g - 7*g. Suppose 7*p = -37 + g. What is the greatest common divisor of p and 3?
3
Let l = -6442 + 6443. Let w(j) = j - 2. Let s be w(2). Suppose 5*k + 2*g - 26 = s, l = 2*k - 4*g - 19. What is the highest common factor of k and 18?
6
Let x be (18/15)/(3/270). Suppose -3*a - 3*z = z - 124, 0 = 5*a - 3*z - 168. What is the highest common divisor of a and x?
36
Let y = 2 + 1. Suppose 0 = -y*g - 2*b + 25, 2*g - 50 = -3*g - 5*b. Let s = -108122 - -108147. Calculate the greatest common factor of s and g.
5
Let o be -1*135 - (-5 + 2 + 3). Let d = -132 - o. Suppose 0*h - h = 4*y - 5, 6 = 4*h + 2*y. Calculate the highest common factor of h and d.
1
Let a be (51/9 + -5)*-6 + 284. Suppose -18*m + a = -116. Calculate the highest common factor of 22 and m.
22
Suppose 0 = 8*i - 9*i + 3*l + 26, 4*i - 137 = l. Let u be 25 - (-1 - i/7). Calculate the highest common factor of u and 775.
31
Let o(u) = 197*u - 4356. Let w be o(24). Suppose -2*c + 14 = 8*p - 3*p, 4*p = -5*c + 52. What is the highest common divisor of w and c?
12
Suppose 3*d = -5*z - 899 + 1064, 4*d = z - 33. Suppose 4*f + 0*f = -432. Let b be 3/15 - f/10. What is the greatest common divisor of z and b?
11
Suppose 5800 = s + 5570. Calculate the highest common divisor of 115 and s.
115
Let d be (-2)/8 + 105/4. Let m be d/(2 + 0) - -1. Let n(h) = -16*h + 140. Let w be n(7). Calculate the greatest common divisor of w and m.
14
Let y = 249 + -229. Let f(p) = -2*p**3 - 3*p**2 - 3*p. Let l be f(-2). Let v = 18 - l. Calculate the greatest common factor of y and v.
4
Let z(h) = 34*h + 1497. Let l be z(-44). What is the greatest common factor of 271 and l?
1
Suppose 2*s = -3*m + 19, 2*m = 4*s + s. Suppose k - 2*k - 5*w = -117, 5*w - 209 = -s*k. Calculate the highest common factor of 23 and k.
23
Let z be 30/20*-4 + 8. Let k(t) = -47*t + 120. Let h be k(z). Calculate the highest common factor of 858 and h.
26
Let v = -36003 - -36491. Calculate the highest common factor of 1769 and v.
61
Let v be 1 + (-24)/(-6) + -1. Suppose 2*a + v*a = a. Suppose 5*b - 4*q - 110 = a, -b - 4*q = -2*q - 22. Calculate the highest common factor of 33 and b.
11
Let f(a) = -a**2 - 14*a + 3. Let h be f(-6). Suppose 5*g + 7*m + h = 3*m, g = -4*m - 7. Let z be 39/(-6)*g*2. What is the highest common factor of z and 13?
13
Suppose -4*b - 4*w = -57 - 675, -1 = -w. Let v = b + -103. Let j = v + -19. Calculate the greatest common divisor of 90 and j.
30
Suppose -2*l - 3*l - 2*u - 273 = 0, -2*l = 3*u + 118. Let c = 86 + l. Let k = -19 - -85. What is the greatest common divisor of c and k?
33
Let i(y) = y + 7. Let c be i(-1). Let b be c/9 + 1675/3. Suppose -3*g = 34 - b. Calculate the highest common divisor of 25 and g.
25
Let c = -512 + -179. Let w = 332 - c. What is the greatest common divisor of 93 and w?
93
Let j = 5255 + -5219. Suppose -3*i - f + 2*f - 26 = 0, -3*i + 3*f = 36. Let x = i + 43. What is the highest common divisor of j and x?
36
Let n = 21 - -12. Let v be (220/330)/((-200)/(-99) + -2). Calculate the greatest common divisor of n and v.
33
Suppose -171236 - 135366 = -168*l - 116426. What is the greatest common factor of l and 24?
4
Suppose b - 4*k = -0*b + 11, b = k + 14. Let o be 177/b - 1/(-5). Let s = 242 + -86. What is the highest common divisor of s and o?
12
Let k be 3*3 - (-12 - (554 + 1)). What is the greatest common factor of 1088 and k?
64
Let y = 462 + -464. Let r be (-3 - (y + 1))*(-1460)/5. What is the greatest common factor of 73 and r?
73
Let h(x) = -2*x - 36. Let s be h(-17). Let i be 27/(-12)*-234 - 1/s. Calculate the greatest common factor of 62 and i.
31
Let m(w) = -2*w**3 - 33*w**2 - 224. Let r be m(-17). Calculate the highest common factor of 3055 and r.
65
Let k(n) = -8*n + 6. Let l be k(-6). Suppose -120*y - 255 = -558 - 417. What is the greatest common divisor of y and l?
6
Suppose -50*w + 49*w + 116 = 0. Let u = w - 40. What is the highest common divisor of u and 190?
38
Let l be (19/((-475)/46320))/(11/((-990)/27)). What is the highest common factor of 579 and l?
193
Let v = 33 + -23. Let w = 0 + v. Let p(z) = -65*z - 625. Let s be p(-11). What is the greatest common factor of s and w?
10
Let p be (6/(-13))/3 + 51606/1833. What is the highest common factor of p and 3934?
14
Let r(q) = -21*q + 16. Let k be r(-2). Suppose -40 = d -